.
12
-27 + (49 - -23) + -39
6
Evaluate -3 - (8 - 7 - -13).
-17
What is (-5 - -3 - 14) + (8 - (-8 - -13))?
-13
What is the value of (-24 - (-6 - 27)) + -1 + 0 + -5?
3
What is the value of 21 + (-14 - (-15 + 21))?
1
Calculate 7 - (-5 + (-2 - 5) + 9).
10
What is the value of -14 - -3 - (-4 + 6)?
-13
Evaluate -2 + -23 + 16 - (2 - -6).
-17
What is the value of 23 + (7 - (2 + 17))?
11
What is the value of -5 - ((-2 - -2) + 2) - (-15 - -8)?
0
-32 + -4 - (-14 + (6 - 3) + 1)
-26
Evaluate -2 + 0 - -22 - (45 + -28).
3
Evaluate -7 + 3 + -14 - (-27 + 14).
-5
Calculate 13 + -41 - -6 - -9 - 2.
-15
What is the value of (-2 - (21 + -37)) + -9 + -1?
4
What is the value of (9 - (-5 - (1 - 3))) + -4 + -2?
6
5 - (0 - 1) - (-3 - (-5 - -5))
9
Evaluate 0 + -6 - (118 - 124) - 3 - 14.
-17
Calculate -1 + -1 - (-284 + 291).
-9
19 + (3 - (11 + (-5 - 4)) - 7)
13
What is (1 - -20) + -21 + (-2 + 1 - -15)?
14
Evaluate (-3 - (-14 - -22)) + -18 + 4.
-25
Evaluate 17 - 30 - (-4 - -9).
-18
What is 9 + 1 - ((-10 - 16) + 25)?
11
Evaluate -22 - (36 + -48) - (-1 + -12) - -8.
11
What is the value of 7 + -1 + -2 + 25 + -36 - -4?
-3
(12 - -11) + -3 + -5 + 0 - 4
11
Calculate 6 - (-1 + (2 - -7)) - (-6 - -11).
-7
Calculate 21 - (-8 - (-29 - -11)).
11
Evaluate 5 + (-9 - (-4 + -2 + -17)).
19
-13 - (13 + (-5 - -2) + -10)
-13
What is the value of -19 + 7 + 40 - 7 - (-1 - 2)?
24
What is -16 + 0 + (0 - 1) - (359 - 366)?
-10
-3 + -1 - (-19 + -4 + 6 + 1)
12
What is the value of 17 - (-4 - 5 - -21)?
5
Evaluate 836 + -841 - (0 - -13).
-18
What is (5 + -2 - (-8 + -11) - -11) + -11?
22
Evaluate -29 + 32 + -10 - (0 + -21).
14
5 + (10 - ((0 - (-7 + 15)) + 15))
8
Evaluate 513 + -498 + -12 + 0.
3
Calculate (3 + -5 - (-12 - -15)) + -11.
-16
-2 + -24 + (36 - 18)
-8
Calculate 2 + (3 + 4 - 8) + 0.
1
(7 - (-35 + 41)) + -15 + 2
-12
Evaluate -1 - (0 + 7 + -19).
11
What is (2 - 4) + (22 - (15 - 5))?
10
(-6 - -3) + -1 + -12 + 20 + 7
11
What is the value of -18 - (-18 + (8 - 4))?
-4
What is (-5 - (-14 + (1 - -3))) + -3 + -3?
-1
(-5 - -6) + (1 + 0 - (2 - 6))
6
Calculate 16 + -1 - (23 + 2).
-10
Calculate (-34 - -20) + -3 + -2 + 0 + 5.
-14
Evaluate -20 - (-17 + -5) - 6.
-4
Evaluate 8 + (-30 - -10) + -1 + 11.
-2
What is the value of -13 + (18 - (6 - -6))?
-7
Calculate 5 - (5 - 23) - 12.
11
What is 168 + -136 - (2 - -26)?
4
Calculate -6 + (52 - 5) - ((2 - -4) + 2).
33
What is the value of (-2 - ((4 - 3) + -7)) + (8 - 19)?
-7
What is the value of ((-5 - 3) + 10 + -4 - 6) + -23?
-31
What is the value of -8 + (5 - 4) + (15 - -3)?
11
3 + (-10 - (-21 - -11)) + 2 + -2
3
What is 39 + 38 + 12 + -105?
-16
What is the value of (14 - 3 - 4) + 0?
7
What is the value of -429 + 394 - (-22 + 2)?
-15
12 + (-11 - -8) + -10
-1
Evaluate -2 + 12 - (15 + 9).
-14
What is -14 + 12 + (4 - 4) - 7?
-9
Evaluate -3 - ((39 - 27) + -16).
1
16 + (-5 - 11) + -2 + -13
-15
Evaluate -1 - (3 + 0 + (-52 - -59)).
-11
What is the value of -6 - (-26 - (7 + (-2 - 5) + -3))?
17
Evaluate 3 + 2 + -6 + -20.
-21
What is 8 + 3 + -14 + (-1 - 16) + 2?
-18
What is the value of 13 - ((-2 - -1) + 4)?
10
What is the value of -25 - (-7 + 11 + -4 - 9)?
-16
(12 - 0 - (3 - -6)) + -2
1
(-26 - (1 + -17)) + (2 - -2) - -2
-4
What is 35 + (11 - 25) - 8?
13
What is the value of 1 + 8 + -25 - -4?
-12
Evaluate (-97 - -70) + 8 + -8 + 4 + 4.
-19
23 + -31 + 19 - (-2 + 0 - -3)
10
Calculate 2 + 3 - (3 + 3) - -1.
0
Calculate 4 + -2 + -1 + (11 - 10).
2
What is (-24 - (-56 + 20)) + -1 + -6?
5
What is the value of (-32 - -5) + -7 + 8?
-26
Evaluate -24 - 1 - (-356 + 336).
-5
What is 22 + -24 - -8 - 12?
-6
What is -14 + -8 - (-4 + 11 + -14)?
-15
What is 17 + -1 + (14 - (-1 - -17))?
14
Calculate 0 + 9 - (5 + 8).
-4
Evaluate (16 - -1) + (-378 - -365).
4
What is (-7 - 6) + 23 - (0 - 2)?
12
-5 + (10 - 4 - 2) - (56 + -40)
-17
15 + (3 - 17) - (1 - -7)
-7
-15 - (-12 + (-4 - (6 + -32 + 12)))
-13
What is the value of 16 + (-10 - -1) - (27 + -6)?
-14
Evaluate -12 + 3 + -113 + 130 - (1 + 2).
5
17 + (-35 - -18) + 0 + -1 + 7
6
What is -35 + (-3 - (-32 - -8))?
-14
What is the value of (-12 - -16) + 6 + -22?
-12
What is 2 + 3 + (-13 - (-18 + 5)) - 30?
-25
Evaluate -1 - 21 - (-498 - -465).
11
-9 - (-7 + 12 - 9)
-5
-1 - (-17 + 11) - (-6 - 2)
13
What is the value of 12 + -6 + 4 + 3?
13
Evaluate 32 + 21 + -34 - 21.
-2
Calculate 3 + 0 - 1 - (81 + -77).
-2
What is the value of 10 + -2 - (-10 + 20) - (6 + -1)?
-7
What is the value of 199 + -150 + -57 - (-1 + (-42 - 0))?
35
(-7 - 20) + (-2 - (-2 - -4)) + 0
-31
-20 + (-4 - -1) + (24 - (6 + 11))
-16
Evaluate -11 + -8 + (2 - -17).
0
149 - 155 - (1 - 11)
4
Evaluate 1 + 0 + 13 + (3 + 0 - 10).
7
-12 - 0 - (-68 + (-9 - -58))
7
Evaluate (-18 - (-2 - 1)) + 33 + 1.
19
Evaluate -10 - (-9 + (15 - (8 - 4))).
-12
What is the value of -8 + 8 - -4 - 8 - 11?
-15
Calculate 1 + 36 - (-1282 + 1301).
18
What is the value of 1 + (-15 - 0 - -6 - -15)?
7
-1 - ((0 - 4) + 1 + -17 + 19)
0
What is 1 + -18 + -6 + 32?
9
(-10 - (18 + -22) - (-10 + 1)) + -6
-3
What is the value of -1 + 2 + -1 + -1 + (11 - 6)?
4
Calculate (-15 - (16 - 37) - 16) + (1 - -33).
24
(-4 - -3 - 3) + -16 + 4 + 26
10
What is -9 + 23 + -1 + -4 - 2?
7
What is the value of (10 + -2 - 3) + (8 - -3 - -2)?
18
What is the value of (-15 - -14) + (-1 - -4)?
2
22 + 6 + -22 + 6
12
Calculate (1 - -20 - 41) + 39.
19
Evaluate (23 - 20) + -25 + -3.
-25
Calculate (86 - 30) + -52 + (4 - -2) + -3.
7
Calculate 2 - (-4 + 27 + (-21 - -26)).
-26
8 + (6 - 5 - 0 - 3) + -19
-13
Evaluate 21 + 11 + -40 + 17.
9
3 + -10 + -10 + -2 - -9
-10
Calculate 33 + (-30 - (38 + -68)).
33
What is the value of -1 + (-7 - (-1 + -17) - 2)?
8
Calculate -4 + 2 - (-22 - (-3 + -7 - -6)).
16
What is 8 + ((-7 - -9) + 1 - (3 + 30))?
-22
What is the value of 3 - 2 - (-395 + 403)?
-7
What is -37 - (-32 + 12 + -17)?
0
Calculate -2 - (3 + (-20 - -5) + 16 + -11).
5
-12 + -1 + 1 + 15
3
Calculate -15 + 3 - -2 - (-2 - 3) - 5.
-10
Calculate 6 - (6 + (1 - (-2 - 3))) - -1.
-5
Evaluate 11 + 1 - (-57 + -50 + 91).
28
Calculate 15 - (12 - 9) - 5.
7
(-24 - (6 + -13 - -11)) + -2 + 11
-19
18 + -13 - 9 - -18 - 46
-32
Calculate (2 - -1) + -11 + 13 + -8 + 1.
-2
What is 44 + -100 - -15 - -31?
-10
What is the value of 0 + 8 + -6 - (0 + 13)?
-11
Evaluate 1 + -6 + 0 - (-39 + 4 + 25).
5
-36 + 6 + (35 - 15)
-10
Evaluate 2 + (-1 - 2) + (-36 - -48 - 10).
1
What is -11 + (-12 + -1 - (-32 + 7))?
1
What is -8 + (1 - -11) - -7?
11
Evaluate 0 - 12 - (-8 - -28 - 17).
-15
What is the value of -16 + -3 + (12 - (21 + -3))?
-25
Evaluate (4 - 1) + (6 - 3) + 2 + -2.
6
What is the value of -10 + 7 + 4 + (14 - 1) + -9?
5
What is -10 + (32 + -76 - -19)?
-35
Evaluate 16 - (-8 + 62) - (-7 + 1 + 1).
-33
Calculate -16 - (1 + -25) - 10.
-2
(-1 - -3 - 7) + -2 + 39 + -7
25
What is (1 - -3) + 28 + -18 + -15?
-1
What is (23 - 6 - 10) + 7?
14
Calculate 7 + (-14 - (-13 + 15)).
-9
What is the value of 7 + (-34 - -10) - -21?
4
Calculate -8 + -25 + 15 + 34 + -13.
3
6 + (-16 - -37) + 0 + 6
33
Evaluate -821 + 877 + 0 + -27.
29
What is the value of (9 + -3 - 3) + (-2 - (5 + -4))?
0
Calculate 6 + (33 - 53) + 41.
27
Evaluate (13 - (15 + 1)) + 0 - 10.
-13
What is the value of 25 - ((11 - -16) + -12)?
10
Evaluate -7 + -9 + 9 + (-7 - -6) + -1.
-9
What is the value of -4 - (0 - ((16 - 28) + 3 + -3))?
-16
What is the value of 25 + -34 + -17 + 6?
-20
What is (3 - 2) + -3 - (6 - 3 - 21)?
16
Evaluate (-20 - (9 + -2)) + (9 + -1 - 4).
-23
74 + -54 + 2 + -10
12
Calculate (44 + -52 - ((-1 - -2) + 8)) + 0.
-17
Evaluate (9 - 26) + 32 + 1 + -5.
11
Calculate -539 - -559 - (12 - -1).
7
Evaluate (39 - (0 + 9)) + -13.
17
(5 + 0 + (2 - 2) - 12) + 10
3
What is 2 + 6 + (-7 - (-9 - -18)) + 0?
-8
Evaluate (3 - (29 - 12)) + 13.
-1
(13 - 13 - -1) + (1 - -1)
3
Evaluate -16 + (63 - 28) + -26.
-7
Calculate (48 + -88 - -31) + -20 + 2.
-27
What is the value of 2 + -6 - 4 - (9 + -13)?
-4
Evaluate (-8 - 3) + -1 - -24.
12
Evaluate (-1 - 1) + (-48 - -53).
3
What is the value of 1 - 27 - (780 + -803)?
-3
What is -5 + 13 - (-3 + 19)?
-8
Calculate (2 - 0) + (-2 - 3) + -6.
-9
Evaluate (-26 + 33 - 9) + -17.
-19
What is (-5 - -4) + (4 - (-8 - (8 + -4)))?
15
What is 4 + (0 - (9 + -8)) + 8?
11
Evaluate (-23 + 19 - (-3 + -1)) + 2 - -19.
21
What is -4 - (-18 + 18 + (-6 - -1) - -1)?
0
What is 20 - 0 - ((-17 - -4) + 27 + -7)?
13
What is (5 - -33) + -36 - (0 + -20)?
22
Evaluate (